at is the remainder when 18814 is divided by 14?
12
What is the remainder when 2599 is divided by 849?
52
What is the remainder when 18104 is divided by 181?
4
What is the remainder when 5390 is divided by 147?
98
What is the remainder when 10857 is divided by 10830?
27
Calculate the remainder when 328005 is divided by 6074.
9
Calculate the remainder when 26763 is divided by 367.
339
Calculate the remainder when 74914 is divided by 1102.
1080
Calculate the remainder when 347484 is divided by 115816.
36
Calculate the remainder when 1903 is divided by 96.
79
Calculate the remainder when 43923 is divided by 14638.
9
Calculate the remainder when 2241 is divided by 193.
118
Calculate the remainder when 18597 is divided by 103.
57
What is the remainder when 8750 is divided by 2906?
32
Calculate the remainder when 3411961 is divided by 166.
163
Calculate the remainder when 8358 is divided by 1364.
174
What is the remainder when 29824 is divided by 489?
484
Calculate the remainder when 57552 is divided by 19164.
60
What is the remainder when 620563 is divided by 518?
517
Calculate the remainder when 571 is divided by 279.
13
What is the remainder when 7361 is divided by 3514?
333
What is the remainder when 323942 is divided by 25?
17
Calculate the remainder when 50951 is divided by 1543.
32
Calculate the remainder when 1138 is divided by 1070.
68
What is the remainder when 405354 is divided by 81068?
14
Calculate the remainder when 3902 is divided by 55.
52
What is the remainder when 12492 is divided by 50?
42
What is the remainder when 89807 is divided by 1497?
1484
What is the remainder when 5702 is divided by 332?
58
Calculate the remainder when 2764248 is divided by 203.
200
Calculate the remainder when 474 is divided by 443.
31
What is the remainder when 37908 is divided by 2102?
72
Calculate the remainder when 61998 is divided by 25.
23
What is the remainder when 673 is divided by 28?
1
What is the remainder when 71779 is divided by 213?
211
What is the remainder when 20343 is divided by 6738?
129
Calculate the remainder when 390 is divided by 243.
147
What is the remainder when 2693116 is divided by 13?
10
Calculate the remainder when 4243 is divided by 723.
628
Calculate the remainder when 22334 is divided by 4.
2
What is the remainder when 13040 is divided by 4?
0
What is the remainder when 181058 is divided by 48?
2
Calculate the remainder when 13638 is divided by 2273.
0
What is the remainder when 3059 is divided by 784?
707
Calculate the remainder when 645 is divided by 36.
33
Calculate the remainder when 5530 is divided by 1722.
364
What is the remainder when 11301 is divided by 807?
3
Calculate the remainder when 873952 is divided by 218487.
4
Calculate the remainder when 1425 is divided by 13.
8
What is the remainder when 60317 is divided by 40?
37
Calculate the remainder when 7631 is divided by 65.
26
What is the remainder when 1503 is divided by 1124?
379
Calculate the remainder when 8289 is divided by 50.
39
Calculate the remainder when 43173 is divided by 24.
21
Calculate the remainder when 1164 is divided by 580.
4
What is the remainder when 1494 is divided by 120?
54
What is the remainder when 58542 is divided by 3081?
3
Calculate the remainder when 3429 is divided by 2866.
563
What is the remainder when 18355 is divided by 153?
148
Calculate the remainder when 41652 is divided by 59.
57
What is the remainder when 8328 is divided by 12?
0
Calculate the remainder when 44849 is divided by 93.
23
What is the remainder when 46611 is divided by 89?
64
Calculate the remainder when 230475 is divided by 426.
9
What is the remainder when 1985072 is divided by 293?
290
Calculate the remainder when 847602 is divided by 6142.
6
What is the remainder when 3183 is divided by 297?
213
Calculate the remainder when 3389 is divided by 3347.
42
What is the remainder when 55947 is divided by 1929?
6
What is the remainder when 166200 is divided by 237?
63
Calculate the remainder when 45995 is divided by 852.
839
Calculate the remainder when 929 is divided by 235.
224
Calculate the remainder when 37439 is divided by 468.
467
Calculate the remainder when 389166 is divided by 389166.
0
What is the remainder when 5699047 is divided by 14?
11
Calculate the remainder when 53801 is divided by 2829.
50
What is the remainder when 7799 is divided by 45?
14
What is the remainder when 41303 is divided by 599?
571
What is the remainder when 1753 is divided by 138?
97
Calculate the remainder when 7161 is divided by 397.
15
Calculate the remainder when 3003 is divided by 25.
3
Calculate the remainder when 18580 is divided by 20.
0
What is the remainder when 22170 is divided by 5?
0
Calculate the remainder when 3939 is divided by 478.
115
What is the remainder when 10613 is divided by 3536?
5
What is the remainder when 85601 is divided by 12214?
103
What is the remainder when 99371 is divided by 202?
189
Calculate the remainder when 229816 is divided by 6.
4
What is the remainder when 13333 is divided by 24?
13
Calculate the remainder when 32245 is divided by 32201.
44
Calculate the remainder when 12078 is divided by 34.
8
Calculate the remainder when 61444 is divided by 253.
218
Calculate the remainder when 32533 is divided by 1249.
59
What is the remainder when 633 is divided by 397?
236
What is the remainder when 147133 is divided by 333?
280
What is the remainder when 104378 is divided by 14909?
15
What is the remainder when 232588 is divided by 391?
334
What is the remainder when 31559 is divided by 8?
7
Calculate the remainder when 1489 is divided by 555.
379
Calculate the remainder when 2072 is divided by 9.
2
Calculate the remainder when 515761 is divided by 29.
25
What is the remainder when 275 is divided by 212?
63
Calculate the remainder when 119324 is divided by 4971.
20
What is the remainder when 507398 is divided by 6?
2
What is the remainder when 2262 is divided by 1079?
104
Calculate the remainder when 84654 is divided by 13.
11
What is the remainder when 8136 is divided by 8082?
54
Calculate the remainder when 49393 is divided by 132.
25
Calculate the remainder when 156757 is divided by 31350.
7
What is the remainder when 1119269 is divided by 161?
158
What is the remainder when 17782 is divided by 1252?
254
Calculate the remainder when 2456 is divided by 300.
56
Calculate the remainder when 40397 is divided by 4.
1
What is the remainder when 7206 is divided by 797?
33
What is the remainder when 4688 is divided by 88?
24
What is the remainder when 730433 is divided by 73042?
13
Calculate the remainder when 59076 is divided by 131.
126
What is the remainder when 171327 is divided by 705?
12
What is the remainder when 8860 is divided by 3922?
1016
Calculate the remainder when 7372 is divided by 1466.
42
What is the remainder when 1101 is divided by 248?
109
What is the remainder when 1921 is divided by 240?
1
What is the remainder when 742 is divided by 79?
31
What is the remainder when 239043 is divided by 59749?
47
Calculate the remainder when 1224 is divided by 592.
40
What is the remainder when 5309 is divided by 162?
125
Calculate the remainder when 21233 is divided by 574.
569
Calculate the remainder when 46975 is divided by 87.
82
Calculate the remainder when 427 is divided by 20.
7
What is the remainder when 656956 is divided by 164235?
16
Calculate the remainder when 4831 is divided by 277.
122
What is the remainder when 4160006 is divided by 23?
19
Calculate the remainder when 74598 is divided by 523.
332
What is the remainder when 5874 is divided by 113?
111
What is the remainder when 3316 is divided by 39?
1
What is the remainder when 321 is divided by 219?
102
What is the remainder when 1019086 is divided by 337?
335
Calculate the remainder when 873 is divided by 117.
54
What is the remainder when 2226578 is divided by 977?
972
Calculate the remainder when 413047 is divided by 188.
11
What is the remainder when 28398 is divided by 59?
19
Calculate the remainder when 26018 is divided by 592.
562
Calculate the remainder when 6137 is divided by 36.
17
What is the remainder when 25953 is divided by 9?
6
Calculate the remainder when 1659 is divided by 1400.
259
Calculate the remainder when 532 is divided by 52.
12
What is the remainder whe